 base 7?
1212
What is 11363 (base 13) in base 5?
2000341
-28974 (base 12) to base 2
-1101110101101000
-21224 (base 6) to base 11
-21a3
What is -233133 (base 4) in base 11?
-2313
-178 (base 16) to base 13
-22c
-276 (base 9) to base 15
-106
-d91 (base 15) to base 9
-4171
Convert -478c (base 15) to base 11.
-10475
What is -107d7 (base 15) in base 14?
-15150
Convert 334 (base 11) to base 2.
110010000
Convert 1123 (base 7) to base 4.
12121
Convert -4156 (base 11) to base 6.
-41254
What is -b802 (base 15) in base 11?
-27279
Convert b1 (base 14) to base 12.
10b
-407c (base 16) to base 15
-4d58
Convert 10010100010111101 (base 2) to base 14.
1d981
What is -467 (base 12) in base 7?
-1624
103322 (base 4) to base 12
8a2
What is -1388 (base 9) in base 4?
-100130
733 (base 12) to base 11
872
What is -669 (base 10) in base 2?
-1010011101
65c (base 13) to base 4
101003
Convert -1022230 (base 4) to base 3.
-20120001
What is 412 (base 8) in base 11?
222
Convert -17241 (base 9) to base 16.
-2e57
What is d73 (base 14) in base 5?
41044
What is -211323 (base 6) in base 5?
-1022222
What is -1a2c (base 14) in base 11?
-3623
-5c76 (base 16) to base 13
-aa0a
Convert 22741 (base 9) to base 14.
5768
Convert 3051 (base 6) to base 3.
221011
-12973 (base 16) to base 12
-38097
What is -7667 (base 11) in base 13?
-47b2
Convert 3828 (base 13) to base 7.
32154
Convert -2233 (base 5) to base 8.
-476
What is -400 (base 13) in base 14?
-364
What is 7bc0 (base 13) in base 6?
212310
-21527 (base 9) to base 14
-52c1
What is -14694 (base 12) in base 16?
-6fd0
What is 161a8 (base 14) in base 16?
d7b8
What is 8141 (base 10) in base 13?
3923
Convert 3035 (base 7) to base 14.
555
Convert -122 (base 5) to base 10.
-37
11206 (base 7) to base 12
1794
-413341 (base 5) to base 4
-3110130
-403 (base 6) to base 4
-2103
Convert -33327 (base 9) to base 3.
-1010100221
What is 420 (base 10) in base 12?
2b0
-16654 (base 7) to base 10
-4792
Convert 24a (base 15) to base 9.
637
What is 10101000001011110 (base 2) in base 7?
506023
Convert -100010100110 (base 2) to base 10.
-2214
Convert 11c (base 14) to base 11.
192
Convert -385 (base 9) to base 4.
-11000
What is -322012 (base 4) in base 8?
-7206
-669 (base 10) to base 16
-29d
222112 (base 3) to base 8
1314
Convert -964 (base 14) to base 12.
-10a4
Convert -20050 (base 6) to base 14.
-d54
-4c5 (base 13) to base 14
-43b
-223 (base 4) to base 9
-47
13232 (base 4) to base 8
756
1111111111010 (base 2) to base 12
48a2
What is -20101 (base 4) in base 8?
-1021
d44 (base 14) to base 15
b8d
300 (base 16) to base 7
2145
34463 (base 7) to base 16
2270
2d06 (base 14) to base 8
17552
What is 102202121 (base 3) in base 13?
3b98
What is 1230 (base 4) in base 5?
413
1000001100 (base 2) to base 6
2232
Convert 679a (base 14) to base 16.
4634
What is 2526 (base 7) in base 15?
436
Convert -22333 (base 4) to base 15.
-31d
1100101000010000 (base 2) to base 5
3123403
What is 17d (base 16) in base 6?
1433
-21c (base 13) to base 8
-553
What is 35531 (base 6) in base 9?
7071
100000010010100 (base 2) to base 15
4d72
1010122 (base 3) to base 11
692
-6d (base 16) to base 8
-155
Convert 22 (base 14) to base 8.
36
Convert 1083a (base 11) to base 13.
7180
5014 (base 6) to base 2
10001000010
What is 330000 (base 5) in base 7?
44541
1460 (base 10) to base 4
112310
Convert -47367 (base 8) to base 5.
-1121330
What is 5677 (base 9) in base 11?
317a
Convert 220121 (base 6) to base 15.
55cd
3443 (base 6) to base 11
685
What is 366 (base 7) in base 14?
dd
Convert -9cd (base 14) to base 5.
-30240
Convert 1103 (base 9) to base 8.
1455
Convert -510 (base 10) to base 16.
-1fe
21202 (base 4) to base 7
1531
What is 143 (base 13) in base 7?
440
Convert 2c41 (base 16) to base 13.
5206
What is -27c (base 13) in base 2?
-110111001
Convert 12161 (base 10) to base 5.
342121
Convert 9164 (base 15) to base 10.
30694
What is 208 (base 11) in base 9?
307
What is 1014 (base 7) in base 8?
542
Convert 30054 (base 11) to base 10.
43982
122212221 (base 3) to base 12
7667
Convert 2203232 (base 5) to base 11.
26563
What is -14774 (base 9) in base 16?
-277f
Convert 10798 (base 11) to base 7.
63316
What is 7735 (base 16) in base 11?
20a23
Convert -4ed (base 16) to base 12.
-891
Convert 252231 (base 6) to base 3.
1010221101
Convert 101101000100 (base 2) to base 8.
5504
Convert 1088 (base 9) to base 6.
3425
-1201120 (base 4) to base 12
-3734
-1153 (base 6) to base 7
-555
Convert 111202 (base 3) to base 10.
371
Convert 5316 (base 7) to base 12.
1103
Convert 33203 (base 4) to base 10.
995
What is -426a (base 14) in base 15?
-35e2
10322103 (base 4) to base 12
b783
What is 1100011010010 (base 2) in base 9?
8640
Convert 320 (base 7) to base 8.
241
What is 60b9 (base 14) in base 16?
40f3
What is -930 (base 16) in base 7?
-6600
What is 126385 (base 9) in base 8?
226101
What is -10a4 (base 13) in base 10?
-2331
Convert -a48 (base 14) to base 3.
-2202222
What is -968 (base 10) in base 14?
-4d2
Convert -22110021 (base 3) to base 8.
-14023
Convert -2104344 (base 5) to base 8.
-104236
What is 35312 (base 10) in base 7?
204644
362 (base 10) to base 5
2422
Convert -4040 (base 10) to base 16.
-fc8
-16a5 (base 13) to base 12
-1b2a
What is 110021 (base 3) in base 11?
281
Convert 99 (base 10) to base 14.
71
-10110001110010 (base 2) to base 5
-331003
Convert 3206 (base 9) to base 12.
1443
203 (base 7) to base 12
85
47249 (base 10) to base 16
b891
Convert -1120011000 (base 3) to base 8.
-74006
766 (base 13) to base 7
3460
Convert -1713 (base 12) to base 5.
-42001
-350 (base 14) to base 10
-658
What is 1847 (base 9) in base 8?
2614
1517 (base 16) to base 12
315b
-154324 (base 6) to base 4
-3232030
Convert -1101110110 (base 2) to base 14.
-474
What is 1453 (base 6) in base 16?
189
Convert 99a3 (base 13) to base 4.
11032303
-104 (base 7) to base 2
-110101
What is 174 (base 10) in base 5?
1144
What is -3541 (base 9) in base 2?
-101001000101
Convert -122231 (base 5) to base 16.
-1253
Convert -340120 (base 5) to base 15.
-37e0
What is -517 (base 8) in base 16?
-14f
What is -1124255 (base 6) in base 5?
-3323440
-414 (base 7) to base 3
-21200
-2200010 (base 3) to base 13
-b6a
Convert a46 (base 11) to base 5.
20020
-305013 (base 6) to base 11
-17388
What is 23061 (base 7) in base 16?
16f2
Convert -133044 (base 5) to base 14.
-1d79
Convert -17930 (base 11) to base 9.
-37356
-113122 (base 5) to base 9
-5634
10110011101101110 (base 2) to base 8
263556
-140054 (base 8) to base 7
-263300
-186 (base 11) to base 4
-3113
What is 1283 (base 10) in base 4?
110003
Convert -117164 (base 8) to base 9.
-61571
1102100111 (base 3) to base 6
333234
42 (base 7) to base 15
20
Convert 348 (base 12) to base 5.
3423
103210021 (base 4) to base 9
131831
What is 21553 (base 8) in base 7?
35302
Convert 3210211 (base 4) to base 14.
548d
-3431 (base 6) to base 10
-811
What is -32541 (base 8) in base 15?
-40b0
Convert 2221021211 (base 3) to base 2.
1110000111001010
What is 1362 (base 7) in base 6?
2250
Convert 1bb (base 12) to base 6.
1155
Convert -1001000 (base 2) to base 4.
-1020
2254 (base 6) to base 4
20122
What is 10100111000 (base 2) in base 13?
7ba
What is -2001022 (base 3) in base 16?
-5d5
What is -23020233 (base 4) in base 16?
-b22f
-204 (base 11) to base 14
-138
What is 1343 (base 5) in base 14?
11d
-26126 (base 7) to base 10
-6929
Convert -34514 (base 7) to base 15.
-293b
What is -100122000 (base 3) in base 4?
-1231230
What is 110011000101001 (base 2) in base 9?
38778
11013221 (base 4) to base 2
101000111101001
What is -4323 (base 5) in base 2?
-1001001100
444 (base 15) to base 6
4244
Convert 95a1 (base 11) to base 6.
134435
Convert -60 (base 11) to base 7.
-123
-804 (base 12) to base 16
-484
What is 11d (base 15) in base 6?
1101
What is -43143 (base 5) in base 15?
-ced
a259 (base 14) to base 8
66407
c5d (base 14) to base 3
10100012
-2562 (base 8) to base 6
-10242
What is 2c3 (base 14) in base 15?
278
What is 10112 (base 4) in base 9?
338
Convert a7 (base 11) to base 6.
313
57979 (base 10) to base 7
331015
Convert 1021112 (base 3) to base 4.
32210
What is -dac (base 16) in base 6?
-24112
161a6 (base 13) to base 6
522400
Convert -4750 (base 9) to base 6.
-24200
What is -27d9 (base 15) in base 6?
-103253
Convert -1770 (base 9) to base 16.
-54f
2073 (base 9) to ba